{"id":180,"date":"2025-03-08T23:36:59","date_gmt":"2025-03-08T22:36:59","guid":{"rendered":"https:\/\/www.kosmetik-almut.at\/?page_id=180"},"modified":"2025-06-22T21:12:16","modified_gmt":"2025-06-22T19:12:16","slug":"impressum","status":"publish","type":"page","link":"https:\/\/www.kosmetik-almut.at\/?page_id=180","title":{"rendered":"Impressum"},"content":{"rendered":"\n<div class=\"wp-block-group alignfull has-global-padding is-content-justification-center is-layout-constrained wp-container-core-group-is-layout-c3dbfcdf wp-block-group-is-layout-constrained\" style=\"padding-top:var(--wp--preset--spacing--50);padding-right:var(--wp--preset--spacing--50);padding-bottom:var(--wp--preset--spacing--50);padding-left:var(--wp--preset--spacing--50)\">\n<div class=\"wp-block-group alignwide has-base-2-background-color has-background has-small-font-size has-global-padding is-layout-constrained wp-container-core-group-is-layout-52009084 wp-block-group-is-layout-constrained\" style=\"border-radius:16px;padding-top:var(--wp--preset--spacing--40);padding-right:var(--wp--preset--spacing--40);padding-bottom:var(--wp--preset--spacing--40);padding-left:var(--wp--preset--spacing--40);background-position:45% 0%;background-repeat:no-repeat;background-size:contain;\">\n<div class=\"wp-block-group alignwide is-vertical is-content-justification-stretch is-layout-flex wp-container-core-group-is-layout-36938b08 wp-block-group-is-layout-flex\">\n<div class=\"wp-block-group alignwide has-primary-color has-text-color has-link-color has-inter-tight-font-family has-small-font-size wp-elements-29853fd2971b83afeaaa7dee1f7f267a is-vertical is-content-justification-stretch is-layout-flex wp-container-core-group-is-layout-353c4f5a wp-block-group-is-layout-flex\" style=\"text-transform:none\">\n<h2 class=\"wp-block-heading has-text-color has-link-color wp-elements-faca7881f95a41e8d31f3cbff6a28081\" style=\"color:#a40a34\">Inhaber<\/h2>\n\n\n\n<p>Almut Maria<br>Kosmetik<br>Burglehenweg 20<br>5400 Hallein\/ Austria<br><a href=\"mailto:info@kosmetik-almut.at\">info@kosmetik-almut.at<\/a><br>M: +43 664 30 17 941<\/p>\n\n\n\n<p>Ausge\u00fcbtes Gewerbe: Kosmetik<br>Mitglied der WKS&nbsp;<br>Berufsrecht: Gewerbeordnung:&nbsp;www.ris.bka.gv.at<br>Aufsichtsbeh\u00f6rde\/ Gewerbebeh\u00f6rde: Bezirkshauptmannschaft Hallein<br>Bef\u00e4higungspr\u00fcfung abgelegt in \u00d6sterreich<\/p>\n\n\n\n<p>Angaben zur Online Streitbeilegung:<br>Verbraucher haben die M\u00f6glichkeit, Beschwerden an die Online- Streitbeilegungsplattform der EU zu richten:&nbsp;<a rel=\"noreferrer noopener\" href=\"https:\/\/ec.europa.eu\/odr\" target=\"_blank\">https:\/\/ec.europa.eu\/odr<\/a><\/p>\n\n\n\n<p>Sie k\u00f6nnen allf\u00e4llige Beschwerde auch an die oben angegebene E-Mail-Adresse richten.<\/p>\n\n\n\n<h2 class=\"wp-block-heading has-text-color has-link-color wp-elements-17d8aa2eea72c000ac62e26ac8b6b7ba\" style=\"color:#a40a34\">HAFTUNG UND COPYRIGHT<\/h2>\n\n\n\n<p>S\u00e4mtliche Zahlen und Texte auf unsere Website wurden sorgf\u00e4ltig gepr\u00fcft. Trotzdem kann keine Garantie f\u00fcr die Richtigkeit, Vollst\u00e4ndigkeit und Aktualit\u00e4t der Angaben \u00fcbernommen werden.<\/p>\n\n\n\n<p>Quellenangaben Bilder \/ Texte: Eigene, Fotolia<\/p>\n\n\n\n<p><strong>Bildmaterialien von Babor Cosmetics<\/strong><\/p>\n\n\n\n<p>Auf dieser Webseite wurden Bildmaterialien von <a href=\"https:\/\/at.babor.com\/\">Babor Cosmetics<\/a> verwendet. Die Bilder unterliegen dem Copyright von Babor und werden mit Genehmigung zu Pr\u00e4sentationszwecken genutzt.<\/p>\n\n\n\n<ul class=\"wp-block-list\">\n<li>Bild f\u00fcr &#8222;Strahlende Haut&#8220; auf Startseite nutzbar bis 30.09.2026 <\/li>\n\n\n\n<li>Headerbild Startseite nutzbar bis 30.09.2026 <\/li>\n\n\n\n<li>Bild auf &#8222;Strahlende Haut&#8220; nutzbar bis 01.03.2027 <\/li>\n\n\n\n<li>Bild auf &#8222;Strahlende Haut&#8220; unter &#8222;Hals und Dekollet\u00e9&#8220; nutzbar bis 01.09.2027<\/li>\n<\/ul>\n\n\n\n<p><strong>Bildmaterialien von Freepik<\/strong><\/p>\n\n\n\n<ul class=\"wp-block-list\">\n<li><a href=\"https:\/\/www.freepik.com\/free-photo\/woman-getting-back-massage-from-masseur_44121762.htm#fromView=search&amp;page=1&amp;position=17&amp;uuid=f9a2fac1-7793-47ef-a3d9-da21eb0795bc&amp;query=massage\">https:\/\/www.freepik.com\/free-photo\/woman-getting-back-massage-from-masseur_44121762.htm#fromView=search&amp;page=1&amp;position=17&amp;uuid=f9a2fac1-7793-47ef-a3d9-da21eb0795bc&amp;query=massage<\/a><\/li>\n\n\n\n<li><a href=\"https:\/\/www.freepik.com\/free-photo\/pink-nail-design-female-hands-with-glitter-manicure_9131107.htm#fromView=search&amp;page=1&amp;position=20&amp;uuid=2b3bd345-8b77-450a-8c0f-3cd9aa6fe56f&amp;query=manik%C3%BCre\">https:\/\/www.freepik.com\/free-photo\/pink-nail-design-female-hands-with-glitter-manicure_9131107.htm#fromView=search&amp;page=1&amp;position=20&amp;uuid=2b3bd345-8b77-450a-8c0f-3cd9aa6fe56f&amp;query=manik%C3%BCre<\/a><\/li>\n\n\n\n<li><a href=\"https:\/\/www.freepik.com\/free-photo\/therapist-applying-salt-young-woman-s-back_3442556.htm#fromView=search&amp;page=1&amp;position=0&amp;uuid=86088dfc-eef6-416e-9ac0-1c01729d451d&amp;query=k%C3%B6rperpeeling\">https:\/\/www.freepik.com\/free-photo\/therapist-applying-salt-young-woman-s-back_3442556.htm#fromView=search&amp;page=1&amp;position=0&amp;uuid=86088dfc-eef6-416e-9ac0-1c01729d451d&amp;query=k%C3%B6rperpeeling<\/a><\/li>\n\n\n\n<li><a href=\"https:\/\/www.freepik.com\/free-photo\/woman-s-feet-bowl-with-water-petal_16181284.htm#fromView=search&amp;page=1&amp;position=3&amp;uuid=3614e026-207d-46d2-8f21-3adeb3df7d9e&amp;query=+pedik%C3%BCre\">https:\/\/www.freepik.com\/free-photo\/woman-s-feet-bowl-with-water-petal_16181284.htm#fromView=search&amp;page=1&amp;position=3&amp;uuid=3614e026-207d-46d2-8f21-3adeb3df7d9e&amp;query=+pedik%C3%BCre<\/a><\/li>\n\n\n\n<li><a href=\"https:\/\/www.freepik.com\/free-photo\/testing-beauty-cream-product-back-hand_16434981.htm#fromView=search&amp;page=1&amp;position=41&amp;uuid=38e7da45-9c27-4d7c-8580-4a89db76f282&amp;query=+handcreme\">https:\/\/www.freepik.com\/free-photo\/testing-beauty-cream-product-back-hand_16434981.htm#fromView=search&amp;page=1&amp;position=41&amp;uuid=38e7da45-9c27-4d7c-8580-4a89db76f282&amp;query=+handcreme<\/a><\/li>\n\n\n\n<li><a href=\"https:\/\/www.freepik.com\/free-photo\/portrait-beautiful-brunette-woman-with-long-curly-hair-flowers_6562573.htm#fromView=search&amp;page=1&amp;position=39&amp;uuid=d0abd763-638a-4469-8e13-1cbcc6f1220e&amp;query=beauty\">https:\/\/www.freepik.com\/free-photo\/portrait-beautiful-brunette-woman-with-long-curly-hair-flowers_6562573.htm#fromView=search&amp;page=1&amp;position=39&amp;uuid=d0abd763-638a-4469-8e13-1cbcc6f1220e&amp;query=beauty<\/a><\/li>\n\n\n\n<li><a href=\"https:\/\/www.freepik.com\/free-photo\/perfect-female-legs-isolated-white-background_13576264.htm#fromView=search&amp;page=1&amp;position=0&amp;uuid=4927e289-7e72-4af6-8737-49094bc1b9e3&amp;query=haarentfernung\">https:\/\/www.freepik.com\/free-photo\/perfect-female-legs-isolated-white-background_13576264.htm#fromView=search&amp;page=1&amp;position=0&amp;uuid=4927e289-7e72-4af6-8737-49094bc1b9e3&amp;query=haarentfernung<\/a><\/li>\n\n\n\n<li><a href=\"https:\/\/www.freepik.com\/icon\/face-cleanser_828391#fromView=resource_detail&amp;position=86\">Icon by istar_design_bureau<\/a><\/li>\n<\/ul>\n\n\n\n<p>Texte, Bilder und Grafiken dieser Seite d\u00fcrfen nur nach ausdr\u00fccklicher Genehmigung der Eigent\u00fcmer verwendet werden.<\/p>\n\n\n\n<p>Alle Informationen und Erkl\u00e4rungen unserer Internetseiten sind unverbindlich. Wir \u00fcbernehmen f\u00fcr die Richtigkeit und Vollst\u00e4ndigkeit der Inhalte keine Garantie. Aus den Inhalten dieser Internetseiten k\u00f6nnen sich auch keine Rechtsanspr\u00fcche ergeben. Sollten Ihnen Fehler im Inhalt auffallen, ersuchen wir Sie uns zu kontaktieren, damit wir diese korrigieren k\u00f6nnen. Wir identifizieren uns nicht mit dem Inhalt der Seiten, bzw. Unterseiten auf die gelinkt wird und \u00fcbernehmen daf\u00fcr keine Haftung. Sollte eine der Seiten, auf die wir linken, bedenkliche Inhalte aufweisen oder nicht vom jeweiligen Seiteninhaber erw\u00fcnscht sein, dann wird der jeweilige Link sofort gel\u00f6scht.<\/p>\n\n\n\n<h3 class=\"wp-block-heading has-text-color has-link-color wp-elements-9db40762bcd729c276b1e6d3d9e8bcde\" style=\"color:#a40a34\">DISCLAIMER GOOGLE ANALYTICS<\/h3>\n\n\n\n<p>Diese Website benutzt Google Analytics, einen Webanalysedienst der Google Inc. (\u201eGoogle\u201c) Google Analytics verwendet sog. \u201eCookies\u201c, Textdateien, die auf Ihrem Computer gespeichert werden und die eine Analyse der Benutzung der Website durch Sie erm\u00f6glicht. Die durch den Cookie erzeugten Informationen \u00fcber Ihre Benutzung diese Website (einschlie\u00dflich Ihrer IP-Adresse) wird an einen Server der Google in den USA \u00fcbertragen und dort gespeichert. Google wird diese Informationen benutzen, um Ihre Nutzung der Website auszuwerten, um Reports \u00fcber die Websiteaktivit\u00e4ten f\u00fcr die Websitebetreiber zusammenzustellen und um weitere mit der Websitenutzung und der Internetnutzung verbundene Dienstleistungen zu erbringen. Auch wird Google diese Informationen gegebenenfalls an Dritte \u00fcbertragen, sofern dies gesetzlich vorgeschrieben oder soweit Dritte diese Daten im Auftrag von Google verarbeiten. Google wird in keinem Fall Ihre IP-Adresse mit anderen Daten von Google in Verbindung bringen. Sie k\u00f6nnen die Installation der Cookies durch eine entsprechende Einstellung Ihrer Browser Software verhindern; wir weisen Sie jedoch darauf hin, dass Sie in diesem Fall gegebenenfalls nicht s\u00e4mtliche Funktionen dieser Website voll umf\u00e4nglich nutzen k\u00f6nnen. Durch die Nutzung dieser Website erkl\u00e4ren Sie sich mit der Bearbeitung der \u00fcber Sie erhobenen Daten durch Google in der zuvor beschriebenen Art und Weise und zu dem zuvor benannten Zweck einverstanden.<\/p>\n\n\n\n<h3 class=\"wp-block-heading has-text-color has-link-color wp-elements-b863a1de39d3d3908a0268028a0f0da1\" style=\"color:#a40a34\">DATENSCHUTZERKL\u00c4RUNG F\u00dcR DIE NUTZUNG VON FACEBOOK-PLUGINS (LIKE-BUTTON)<\/h3>\n\n\n\n<p>Auf unseren Seiten sind Plugins des sozialen Netzwerks Facebook, 1601 South California Avenue, Palo Alto, CA 94304, USA integriert. Die Facebook-Plugins erkennen Sie an dem Facebook-Logo oder dem \u201eLike-Button\u201c (\u201eGef\u00e4llt mir\u201c) auf unserer Seite. Eine \u00dcbersicht \u00fcber die Facebook-Plugins finden Sie hier: http:\/\/developers.facebook.com\/docs\/plugins\/. Wenn Sie unsere Seiten besuchen, wird \u00fcber das Plugin eine direkte Verbindung zwischen Ihrem Browser und dem Facebook-Server hergestellt. Facebook erh\u00e4lt dadurch die Information, dass Sie mit Ihrer IP-Adresse unsere Seite besucht haben. Wenn Sie den Facebook \u201eLike-Button\u201c anklicken w\u00e4hrend Sie in Ihrem Facebook-Account eingeloggt sind, k\u00f6nnen Sie die Inhalte unserer Seiten auf Ihrem Facebook-Profil verlinken. Dadurch kann Facebook den Besuch unserer Seiten Ihrem Benutzerkonto zuordnen. Wir weisen darauf hin, dass wir als Anbieter der Seiten keine Kenntnis vom Inhalt der \u00fcbermittelten Daten sowie deren Nutzung durch Facebook erhalten. Weitere Informationen hierzu finden Sie in der Datenschutzerkl\u00e4rung von facebook unter http:\/\/de-de.facebook.com\/policy.php<\/p>\n\n\n\n<p>Wenn Sie nicht w\u00fcnschen, dass Facebook den Besuch unserer Seiten Ihrem Facebook-Nutzerkonto zuordnen kann, loggen Sie sich bitte aus Ihrem Facebook-Benutzerkonto aus.<\/p>\n\n\n\n<h3 class=\"wp-block-heading has-text-color has-link-color wp-elements-f330e73565bb8ed5aeaf753380ea1f7d\" style=\"color:#a40a34\">DATENSCHUTZERKL\u00c4RUNG F\u00dcR DIE NUTZUNG VON GOOGLE +1<\/h3>\n\n\n\n<p>Erfassung und Weitergabe von Informationen: Mithilfe der Google +1-Schaltfl\u00e4che k\u00f6nnen Sie Informationen weltweit ver\u00f6ffentlichen. \u00fcber die Google +1-Schaltfl\u00e4che erhalten Sie und andere Nutzer personalisierte Inhalte von Google und unseren Partnern. Google speichert sowohl die Information, dass Sie f\u00fcr einen Inhalt +1 gegeben haben, als auch Informationen \u00fcber die Seite, die Sie beim Klicken auf +1 angesehen haben. Ihre +1 k\u00f6nnen als Hinweise zusammen mit Ihrem Profilnamen und Ihrem Foto in Google-Diensten, wie etwa in Suchergebnissen oder in Ihrem Google-Profil, oder an anderen Stellen auf Websites und Anzeigen im Internet eingeblendet werden. Google zeichnet Informationen \u00fcber Ihre +1-Aktivit\u00e4ten auf, um die Google-Dienste f\u00fcr Sie und andere zu verbessern. Um die Google +1-Schaltfl\u00e4che verwenden zu k\u00f6nnen, ben\u00f6tigen Sie ein weltweit sichtbares, \u00f6ffentliches Google-Profil, das zumindest den f\u00fcr das Profil gew\u00e4hlten Namen enthalten muss. Dieser Name wird in allen Google-Diensten verwendet. In manchen F\u00e4llen kann dieser Name auch einen anderen Namen ersetzen, den Sie beim Teilen von Inhalten \u00fcber Ihr Google-Konto verwendet haben. Die Identit\u00e4t Ihres Google-Profils kann Nutzern angezeigt werden, die Ihre E-Mail-Adresse kennen oder \u00fcber andere identifizierende Informationen von Ihnen verf\u00fcgen.<\/p>\n\n\n\n<p>Verwendung der erfassten Informationen: Neben den oben erl\u00e4uterten Verwendungszwecken werden die von Ihnen bereitgestellten Informationen gem\u00e4\u00df den geltenden Google-Datenschutzbestimmungen genutzt. Google ver\u00f6ffentlicht m\u00f6glicherweise zusammengefasste Statistiken \u00fcber die +1-Aktivit\u00e4ten der Nutzer bzw. gibt diese an Nutzer und Partner weiter, wie etwa Publisher, Inserenten oder verbundene Websites.<\/p>\n\n\n\n<h3 class=\"wp-block-heading has-text-color has-link-color wp-elements-f77f0b0ddbe1e6f545a76ef8c9190f7c\" style=\"color:#a40a34\">DATENSCHUTZERKL\u00c4RUNG F\u00dcR TWITTER<\/h3>\n\n\n\n<p>Auf unseren Seiten sind Funktionen des Dienstes Twitter eingebunden. Diese Funktionen werden angeboten durch die Twitter Inc., 795 Folsom St., Suite 600, San Francisco, CA 94107, USA. Durch das Benutzen von Twitter und der Funktion \u201eRe-Tweet\u201c werden die von Ihnen besuchten Webseiten mit Ihrem Twitter-Account verkn\u00fcpft und anderen Nutzern bekannt gegeben. Dabei werden auch Daten an Twitter \u00fcbertragen.<\/p>\n\n\n\n<p>Wir weisen darauf hin, dass wir als Anbieter der Seiten keine Kenntnis vom Inhalt der \u00fcbermittelten Daten sowie deren Nutzung durch Twitter erhalten. Weitere Informationen hierzu finden Sie in der Datenschutzerkl\u00e4rung von Twitter unter http:\/\/twitter.com\/privacy.<\/p>\n\n\n\n<p>Ihre Datenschutzeinstellungen bei Twitter k\u00f6nnen Sie in den Konto-Einstellungen unter http:\/\/twitter.com\/account\/settings \u00e4ndern.<\/p>\n<\/div>\n<\/div>\n<\/div>\n<\/div>\n","protected":false},"excerpt":{"rendered":"<p>Inhaber Almut MariaKosmetikBurglehenweg 205400 Hallein\/ Austriainfo@kosmetik-almut.atM: +43 664 30 17 941 Ausge\u00fcbtes Gewerbe: KosmetikMitglied der WKS&nbsp;Berufsrecht: Gewerbeordnung:&nbsp;www.ris.bka.gv.atAufsichtsbeh\u00f6rde\/ Gewerbebeh\u00f6rde: Bezirkshauptmannschaft HalleinBef\u00e4higungspr\u00fcfung abgelegt in \u00d6sterreich Angaben zur Online Streitbeilegung:Verbraucher haben die M\u00f6glichkeit, Beschwerden an die Online- Streitbeilegungsplattform der EU zu richten:&nbsp;https:\/\/ec.europa.eu\/odr Sie k\u00f6nnen allf\u00e4llige Beschwerde auch an die oben angegebene E-Mail-Adresse richten. HAFTUNG UND COPYRIGHT S\u00e4mtliche Zahlen [&hellip;]<\/p>\n","protected":false},"author":130702925,"featured_media":0,"parent":0,"menu_order":0,"comment_status":"closed","ping_status":"closed","template":"","meta":{"footnotes":""},"class_list":["post-180","page","type-page","status-publish","hentry"],"_links":{"self":[{"href":"https:\/\/www.kosmetik-almut.at\/index.php?rest_route=\/wp\/v2\/pages\/180","targetHints":{"allow":["GET"]}}],"collection":[{"href":"https:\/\/www.kosmetik-almut.at\/index.php?rest_route=\/wp\/v2\/pages"}],"about":[{"href":"https:\/\/www.kosmetik-almut.at\/index.php?rest_route=\/wp\/v2\/types\/page"}],"author":[{"embeddable":true,"href":"https:\/\/www.kosmetik-almut.at\/index.php?rest_route=\/wp\/v2\/users\/130702925"}],"replies":[{"embeddable":true,"href":"https:\/\/www.kosmetik-almut.at\/index.php?rest_route=%2Fwp%2Fv2%2Fcomments&post=180"}],"version-history":[{"count":11,"href":"https:\/\/www.kosmetik-almut.at\/index.php?rest_route=\/wp\/v2\/pages\/180\/revisions"}],"predecessor-version":[{"id":341,"href":"https:\/\/www.kosmetik-almut.at\/index.php?rest_route=\/wp\/v2\/pages\/180\/revisions\/341"}],"wp:attachment":[{"href":"https:\/\/www.kosmetik-almut.at\/index.php?rest_route=%2Fwp%2Fv2%2Fmedia&parent=180"}],"curies":[{"name":"wp","href":"https:\/\/api.w.org\/{rel}","templated":true}]}}