{"id":34,"date":"2025-03-01T17:25:54","date_gmt":"2025-03-01T16:25:54","guid":{"rendered":"https:\/\/www.kosmetik-almut.at\/?page_id=34"},"modified":"2025-07-07T11:38:19","modified_gmt":"2025-07-07T09:38:19","slug":"kontakt","status":"publish","type":"page","link":"https:\/\/www.kosmetik-almut.at\/?page_id=34","title":{"rendered":"Kontakt"},"content":{"rendered":"\n<div class=\"wp-block-group alignfull has-global-padding is-content-justification-center is-layout-constrained wp-block-group-is-layout-constrained\" style=\"margin-top:0;margin-bottom:0;padding-top:var(--wp--preset--spacing--50);padding-bottom:var(--wp--preset--spacing--50)\">\n<div class=\"wp-block-columns alignwide is-layout-flex wp-container-core-columns-is-layout-28f84493 wp-block-columns-is-layout-flex\">\n<div class=\"wp-block-column is-layout-flow wp-block-column-is-layout-flow\" style=\"flex-basis:50%\">\n<h2 class=\"wp-block-heading has-text-color has-link-color wp-elements-455b2ef0d7412749954e815423c1b4b3\" style=\"color:#a40a34\">Gleich kontaktieren!<\/h2>\n\n\n\n<p class=\"is-contact-description\">Haben Sie Fragen zu unseren Behandlungen oder m\u00f6chten Sie direkt einen Termin vereinbaren? Ich freue mich darauf, Sie in meinem Studio willkommen zu hei\u00dfen!<\/p>\n\n\n\n<p>Termine erfolgen <strong>ausschlie\u00dflich nach Vereinbarung<\/strong> \u2013 auch <strong>kurzfristige oder abendliche Termine sind m\u00f6glich<\/strong>. Ich biete au\u00dferdem <strong>mobile Behandlungen <\/strong>an, damit Sie sich auch zuhause verw\u00f6hnen lassen k\u00f6nnen.<\/p>\n\n\n\n<p>Die Bezahlung ist<strong> auch bequem per Karte m\u00f6glich<\/strong>. Direkt vor dem Studio stehen Ihnen <strong>kostenlose Parkpl\u00e4tze<\/strong> zur Verf\u00fcgung.<\/p>\n\n\n\n<p>Bitte beachten Sie: Termine, die nicht <strong>mindestens 24 Stunden vorher abgesagt<\/strong> werden, muss ich mit einer <strong>Stornogeb\u00fchr von 75% <\/strong>berechnen. Vielen Dank f\u00fcr Ihr Verst\u00e4ndnis!<\/p>\n<\/div>\n\n\n\n<div class=\"wp-block-column is-layout-flow wp-block-column-is-layout-flow\" style=\"flex-basis:50%\">\n<figure class=\"wp-block-image size-large\"><img loading=\"lazy\" decoding=\"async\" width=\"804\" height=\"805\" src=\"https:\/\/www.kosmetik-almut.at\/wp-content\/uploads\/2025\/04\/kontakt_almut-1-edited.jpg\" alt=\"\" class=\"wp-image-309\"\/><\/figure>\n<\/div>\n<\/div>\n\n\n\n<div style=\"height:var(--wp--preset--spacing--30)\" aria-hidden=\"true\" class=\"wp-block-spacer\"><\/div>\n\n\n\n<div class=\"wp-block-columns alignwide is-layout-flex wp-container-core-columns-is-layout-28f84493 wp-block-columns-is-layout-flex\">\n<div class=\"wp-block-column is-vertically-aligned-top is-layout-flow wp-block-column-is-layout-flow\">\n<h3 class=\"wp-block-heading has-text-color has-link-color wp-elements-cafbf7d59a41d6a036f4383d783bc13b\" style=\"color:#a40a34\">Studioadresse<\/h3>\n\n\n\n<p class=\"has-text-align-left is-contact-address-phone\">Burglehenweg 20 <br>5400 Hallein<\/p>\n\n\n\n<h3 class=\"wp-block-heading has-text-align-left is-contact-address-phone has-text-color has-link-color wp-elements-20ea61ff02000594e6f66fd8842ba8e0\" style=\"color:#a40a34\">Telefon<\/h3>\n\n\n\n<p class=\"has-text-align-left is-contact-address-phone\">0664 30 17 941<\/p>\n\n\n\n<h3 class=\"wp-block-heading has-text-align-left is-contact-address-phone has-text-color has-link-color wp-elements-863b58e31b56a84f86bcbe4f48299605\" style=\"color:#a40a34\">E-Mail<\/h3>\n\n\n\n<p>info@kosmetik-almut.at<\/p>\n\n\n\n<h3 class=\"wp-block-heading has-text-color has-link-color wp-elements-9fe084d0257c4bcd904a2d26e3368b8e\" style=\"color:#a40a34\">\u00d6ffnungszeiten <\/h3>\n\n\n\n<p>Montag &#8211; Freitag: 09:30 &#8211; 19:00 Uhr <\/p>\n\n\n\n<p>(und nach Vereinbarung) <\/p>\n\n\n\n<div style=\"height:var(--wp--preset--spacing--10)\" aria-hidden=\"true\" class=\"wp-block-spacer\"><\/div>\n<\/div>\n<\/div>\n<\/div>\n","protected":false},"excerpt":{"rendered":"<p>Gleich kontaktieren! Haben Sie Fragen zu unseren Behandlungen oder m\u00f6chten Sie direkt einen Termin vereinbaren? Ich freue mich darauf, Sie in meinem Studio willkommen zu hei\u00dfen! Termine erfolgen ausschlie\u00dflich nach Vereinbarung \u2013 auch kurzfristige oder abendliche Termine sind m\u00f6glich. Ich biete au\u00dferdem mobile Behandlungen an, damit Sie sich auch zuhause verw\u00f6hnen lassen k\u00f6nnen. Die Bezahlung [&hellip;]<\/p>\n","protected":false},"author":130702925,"featured_media":0,"parent":0,"menu_order":0,"comment_status":"closed","ping_status":"closed","template":"","meta":{"footnotes":""},"class_list":["post-34","page","type-page","status-publish","hentry"],"_links":{"self":[{"href":"https:\/\/www.kosmetik-almut.at\/index.php?rest_route=\/wp\/v2\/pages\/34","targetHints":{"allow":["GET"]}}],"collection":[{"href":"https:\/\/www.kosmetik-almut.at\/index.php?rest_route=\/wp\/v2\/pages"}],"about":[{"href":"https:\/\/www.kosmetik-almut.at\/index.php?rest_route=\/wp\/v2\/types\/page"}],"author":[{"embeddable":true,"href":"https:\/\/www.kosmetik-almut.at\/index.php?rest_route=\/wp\/v2\/users\/130702925"}],"replies":[{"embeddable":true,"href":"https:\/\/www.kosmetik-almut.at\/index.php?rest_route=%2Fwp%2Fv2%2Fcomments&post=34"}],"version-history":[{"count":3,"href":"https:\/\/www.kosmetik-almut.at\/index.php?rest_route=\/wp\/v2\/pages\/34\/revisions"}],"predecessor-version":[{"id":347,"href":"https:\/\/www.kosmetik-almut.at\/index.php?rest_route=\/wp\/v2\/pages\/34\/revisions\/347"}],"wp:attachment":[{"href":"https:\/\/www.kosmetik-almut.at\/index.php?rest_route=%2Fwp%2Fv2%2Fmedia&parent=34"}],"curies":[{"name":"wp","href":"https:\/\/api.w.org\/{rel}","templated":true}]}}

<div class="wp-block-group alignfull has-global-padding is-content-justification-center is-layout-constrained wp-block-group-is-layout-constrained" style="margin-top:0;margin-bottom:0;padding-top:var(--wp--preset--spacing--50);padding-bottom:var(--wp--preset--spacing--50)">
<div class="wp-block-columns alignwide is-layout-flex wp-container-core-columns-is-layout-28f84493 wp-block-columns-is-layout-flex">
<div class="wp-block-column is-layout-flow wp-block-column-is-layout-flow" style="flex-basis:50%">
<h2 class="wp-block-heading has-text-color has-link-color wp-elements-455b2ef0d7412749954e815423c1b4b3" style="color:#a40a34">Gleich kontaktieren!</h2>



<p class="is-contact-description">Haben Sie Fragen zu unseren Behandlungen oder möchten Sie direkt einen Termin vereinbaren? Ich freue mich darauf, Sie in meinem Studio willkommen zu heißen!</p>



<p>Termine erfolgen <strong>ausschließlich nach Vereinbarung</strong> – auch <strong>kurzfristige oder abendliche Termine sind möglich</strong>. Ich biete außerdem <strong>mobile Behandlungen </strong>an, damit Sie sich auch zuhause verwöhnen lassen können.</p>



<p>Die Bezahlung ist<strong> auch bequem per Karte möglich</strong>. Direkt vor dem Studio stehen Ihnen <strong>kostenlose Parkplätze</strong> zur Verfügung.</p>



<p>Bitte beachten Sie: Termine, die nicht <strong>mindestens 24 Stunden vorher abgesagt</strong> werden, muss ich mit einer <strong>Stornogebühr von 75% </strong>berechnen. Vielen Dank für Ihr Verständnis!</p>
</div>



<div class="wp-block-column is-layout-flow wp-block-column-is-layout-flow" style="flex-basis:50%">
<figure class="wp-block-image size-large"><img loading="lazy" decoding="async" width="804" height="805" src="https://www.kosmetik-almut.at/wp-content/uploads/2025/04/kontakt_almut-1-edited.jpg" alt="" class="wp-image-309"/></figure>
</div>
</div>



<div style="height:var(--wp--preset--spacing--30)" aria-hidden="true" class="wp-block-spacer"></div>



<div class="wp-block-columns alignwide is-layout-flex wp-container-core-columns-is-layout-28f84493 wp-block-columns-is-layout-flex">
<div class="wp-block-column is-vertically-aligned-top is-layout-flow wp-block-column-is-layout-flow">
<h3 class="wp-block-heading has-text-color has-link-color wp-elements-cafbf7d59a41d6a036f4383d783bc13b" style="color:#a40a34">Studioadresse</h3>



<p class="has-text-align-left is-contact-address-phone">Burglehenweg 20 <br>5400 Hallein</p>



<h3 class="wp-block-heading has-text-align-left is-contact-address-phone has-text-color has-link-color wp-elements-20ea61ff02000594e6f66fd8842ba8e0" style="color:#a40a34">Telefon</h3>



<p class="has-text-align-left is-contact-address-phone">0664 30 17 941</p>



<h3 class="wp-block-heading has-text-align-left is-contact-address-phone has-text-color has-link-color wp-elements-863b58e31b56a84f86bcbe4f48299605" style="color:#a40a34">E-Mail</h3>



<p>info@kosmetik-almut.at</p>



<h3 class="wp-block-heading has-text-color has-link-color wp-elements-9fe084d0257c4bcd904a2d26e3368b8e" style="color:#a40a34">Öffnungszeiten </h3>



<p>Montag &#8211; Freitag: 09:30 &#8211; 19:00 Uhr </p>



<p>(und nach Vereinbarung) </p>



<div style="height:var(--wp--preset--spacing--10)" aria-hidden="true" class="wp-block-spacer"></div>
</div>
</div>
</div>

<p>Gleich kontaktieren! Haben Sie Fragen zu unseren Behandlungen oder möchten Sie direkt einen Termin vereinbaren? Ich freue mich darauf, Sie in meinem Studio willkommen zu heißen! Termine erfolgen ausschließlich nach Vereinbarung – auch kurzfristige oder abendliche Termine sind möglich. Ich biete außerdem mobile Behandlungen an, damit Sie sich auch zuhause verwöhnen lassen können. Die Bezahlung [&hellip;]</p>
